Let g be (-3 - -9) + (-2)/2. Suppose -g*l = -34 - 36. What is the units digit of l?
4
Suppose -t - t = -20. What is the units digit of t?
0
Let v = 119 + 33. What is the units digit of v?
2
Let n(k) be the third derivative of -k**5/60 - k**4/12 - k**3/6 + k**2. Let s be n(2). What is the units digit of 6*(-1 + (-15)/s)?
4
Let r(u) = -6*u + 4*u**2 - 8 - 5*u**2 + 8. Let l be r(-5). Suppose 2*z + l*o - 22 = -z, 4*o = 3*z - 31. What is the units digit of z?
9
Let b be 10/(-3)*30/25. Let r be b/(24/(-9))*2. Suppose -r*g = -10 - 23. What is the tens digit of g?
1
Suppose u = -4*u + 5. What is the units digit of u - (-2)/(-4)*-6?
4
Let r = -43 + 91. What is the tens digit of r?
4
What is the tens digit of (-16)/(3*4/(-30))?
4
Let f(l) = 4*l**3 + l**2 - 3*l + 8. Let m(x) = x**3 - x**2 + 1. Let s(n) = -f(n) + 3*m(n). Let u be s(-5). Suppose -3 = -4*a + u. What is the units digit of a?
2
Suppose -q = 3*k + 43, 21 = -k + 5*q - 20. Let m = -9 - k. What is the units digit of m?
7
Suppose 0 = -4*y - 0*y. Suppose 0 = 4*c + 3*q - 5, 0 = -2*c - y*c + q + 5. Let g = 6 - c. What is the units digit of g?
4
Suppose 5*w - 4*y = 56, w + 2 + 6 = -4*y. Let x = -6 + w. What is the units digit of (-21)/x*(-10)/15?
7
Suppose 0 = -2*r + 17 + 51. What is the tens digit of r?
3
Suppose -27 = -4*s + 33. Suppose 3*d - s = -2*d. What is the units digit of d?
3
Let h(f) = f**2 - 5*f - 35. What is the units digit of h(-13)?
9
Let o(u) = 2*u - 3. Suppose 3*b + b = 0. Suppose -4*c - 5*m + 15 = b, -c - 4*m - 1 + 2 = 0. What is the units digit of o(c)?
7
Let h(t) = 47*t + 3. What is the units digit of h(1)?
0
Let n = 5 - -1. What is the units digit of n?
6
Suppose -2*t + 5 = -t. Suppose -t*o + 27 - 100 = -3*x, -81 = -3*x + 3*o. What is the units digit of x?
1
Let x(j) = 207*j + 4. What is the units digit of x(1)?
1
Suppose 3 = x + 4. Let s = -1 - -3. What is the units digit of (1 - (x + s)) + 6?
6
Let s be (3/6)/((-2)/(-12)). Suppose c = -2*l - 28 - 9, s*l = 2*c - 45. Let q = -9 - l. What is the units digit of q?
8
Let p(r) = -4*r. Let d = -11 + 4. Let v be p(d). Suppose 5*j - v - 42 = 0. What is the tens digit of j?
1
Let r(a) = 3*a**2 + 10*a + 5. What is the tens digit of r(-5)?
3
Let t = -11 + 16. Let s(o) = -o**3 + 5*o**2 + o - 5. Let g be s(t). Suppose g = 2*n + 4*d - 28, -n + 2 = -0*d - d. What is the units digit of n?
6
Let w be -4 - -1 - (0 - 0). What is the units digit of 13 + -2 + 3/w?
0
Let m(t) be the second derivative of t**5/20 + 5*t**4/12 + 5*t**3/6 - 2*t**2 - 3*t. Let b be m(-4). What is the tens digit of 56/6*(-12)/b?
1
Let k(o) = -o**3 + 10*o**2 - 10*o + 4. Let t be k(9). Let j = 1 - t. Suppose -3*d = -5*d + j. What is the units digit of d?
3
Suppose -3*q + 4 = -2*q. Suppose 0*o - 11 = -q*o + l, 0 = 2*o - 5*l - 19. Suppose -16 = o*k - 3*k. What is the units digit of k?
6
Let r = 8 + -3. Suppose -2*j + r = -5*j - 4*p, 4*j - 4*p - 40 = 0. Suppose -j*u + u = -24. What is the units digit of u?
6
Let r = 4 + 2. What is the units digit of (5/(-2))/((-3)/r)?
5
Let o(v) = v**2 - 7*v + 2. Let c be o(6). Let k = c - -20. What is the units digit of k?
6
Let k = -3 + 8. Let a(s) = s**3 + 7*s**2 - 2*s - 10. Let y be a(-7). Suppose 0 = y*p - 5*i + 3*i - 8, -k*p = i - 24. What is the units digit of p?
4
What is the units digit of -2 - (-3 - 1) - -25?
7
Let x(h) = 2*h**2 - 12*h + 10. What is the tens digit of x(8)?
4
Suppose -15 = -5*b - 5*i, -4*b + 3*i = 2*i - 37. Suppose 3*a - 7 = b. Suppose 15 = a*d - 20. What is the units digit of d?
7
Let t = 15 - -1. Suppose 0*c - c = -t. What is the units digit of c?
6
Suppose -2*p + 9 = 1. Suppose -p*a = 2*f - 88, -f + 59 = -2*a + a. What is the tens digit of f?
5
Let v = 68 + -35. What is the units digit of v?
3
Let u(r) = 8*r + 2. Suppose -4*n - 5 = -5*n - x, 2*n + 3*x = 13. What is the tens digit of u(n)?
1
Let z = 10 - -14. Let s be 0/(5/((-10)/4)). Suppose -5*l = s, 0 = -4*n - l + 5*l + z. What is the units digit of n?
6
Let i be 23/(-7) - (-2)/7. Let t(l) be the third derivative of -l**6/120 - l**5/60 + l**4/8 - l**3/6 + 2*l**2. What is the units digit of t(i)?
8
What is the units digit of 2/(-12) + -1*(-2975)/30?
9
Suppose -2*v - 5*d = -226, -5*v + 3*d + 297 = -2*v. What is the tens digit of v?
0
Let s be 3/(-5) + (-406)/(-10). Let a = s - 26. What is the tens digit of a?
1
Suppose 4*b = 2*b. Suppose 2*j + 3*j - 33 = -2*a, b = -3*a - 2*j + 33. What is the units digit of a?
9
Let g = 7 - 3. Suppose 3*q - g = 2*d, -4*d + 6*d - 5*q = 4. What is the units digit of 2/d + 17/4?
4
Suppose -2*n = k - 7*n - 23, 0 = -2*k - 4*n - 10. Suppose -2*z - k = -39. What is the tens digit of z?
1
Suppose n = 2*b - 0*n + 8, 0 = 5*n - 10. Let l = 6 + b. Suppose -l*u + 5*v = 2*u - 25, -8 = 2*v. What is the units digit of u?
1
Let w(h) = h - h + h + 3 - 4*h. What is the tens digit of w(-3)?
1
Suppose j = -3*j + 12. Suppose j*t - t = 88. What is the units digit of t?
4
Let d(w) = 11*w - 24*w + 12*w**2 + 11*w - 2. What is the tens digit of d(-1)?
1
Let r = 8 + -6. What is the units digit of 9*(4 - r)/2?
9
Let m be -2 + (-2 - -4) + 0. Suppose -2*b + 88 = 2*s, 2*b - 80 = -m*s + 2*s. What is the tens digit of b?
4
Let n(a) = -a**3 + 20*a**2 + 23*a - 11. What is the tens digit of n(21)?
3
Let f(h) = h**3 - 5*h**2 - h + 6. Let r be f(5). Let v(p) = 11*p**2 - p. What is the units digit of v(r)?
0
Let m = 130 - 77. What is the units digit of m?
3
Let k(n) = n**3 + 15*n**2 + 12*n - 27. What is the units digit of k(-12)?
1
Let c(m) = -2*m**3 - 11*m**2 + 5*m + 1. What is the tens digit of c(-8)?
8
Suppose 0 = -3*j - 3*n + 36 + 24, 4*n = 0. What is the units digit of j?
0
Let p(a) = 45*a**3 + a**2 - 7*a + 6. What is the tens digit of p(2)?
5
Let w(v) = 4*v**3 + v**2 - 10*v - 12. Let y(r) = -3*r**3 - 2*r**2 + 9*r + 11. Let p(x) = -2*w(x) - 3*y(x). What is the tens digit of p(-4)?
1
Let v(p) = -p**3 + 8*p**2 - 5*p - 13. What is the tens digit of v(6)?
2
Suppose -3*c + 8*c + 4*v - 633 = 0, 4*v + 141 = c. What is the tens digit of c?
2
Suppose 2*k + 2*a + 1 = 25, 5*k + 4*a = 61. What is the tens digit of k?
1
Let b = -2 + -1. Let m = b - -9. What is the units digit of ((-4)/m)/(4/(-12))?
2
Let y(s) be the first derivative of -3*s**4/4 - 2*s**3 - 3*s - 2. Let z(t) = -t**3 - t**2 + 1. Let b(k) = -y(k) + 2*z(k). What is the units digit of b(-4)?
5
Suppose -2*w = 4*o + 16, -w + 22 = -o + 3*w. Let i = o - -16. Let z = i - 7. What is the units digit of z?
3
Let b = 66 + -43. Let x(p) = -p**3 - 9*p**2 - 2*p + 22. Let d be x(-9). Let u = d - b. What is the units digit of u?
7
Let j be 5 + -5 - (-10)/2. Let d = j - 8. Let t = 5 - d. What is the units digit of t?
8
Let l(u) = 3*u + 2. What is the tens digit of l(6)?
2
Suppose n - 65 = -0*v + 2*v, 3*n = 5*v + 190. What is the tens digit of n?
5
Let a be (1 + -3)/((-3)/6). Suppose 24 + a = c. Suppose -4*f + 20 = -c. What is the units digit of f?
2
Suppose -2*c = -6, -k + 4*k = -c + 222. Suppose -139 = -4*h + 3*r, 4*h = 6*h - 5*r - k. What is the tens digit of h?
3
Let p be 2*2/(-4)*-11. Let k = p - 2. What is the units digit of k?
9
Suppose -a + 2*a = 0. Suppose a = 2*z - z. Suppose -5*i = 5*h - 85, z*i + i + 63 = 4*h. What is the units digit of h?
6
Let k(q) = -5*q - 1. Let i be k(-1). Suppose h + u - 6 = 0, -3*h + i*h - 10 = -2*u. Suppose -h*m = 12 - 46. What is the units digit of m?
7
What is the units digit of (-104)/6*(3 - (-21)/(-2))?
0
Suppose -b + 9 = 2*b. What is the units digit of (3 + 7)/(b/15)?
0
Let w be (-1)/(-4) + 4/(-16). Suppose w = x + 5*s - 5 - 22, 0 = -x + 4*s. What is the units digit of x?
2
Let s(o) = -o + 3. Let q be s(2). Let m = q - -41. Suppose m = -r + 4*r. What is the tens digit of r?
1
Let m(w) = -w**3 - 8*w**2 + 5. Let u be m(-8). Suppose -n - 4*n + u*g + 20 = 0, 56 = 5*n + 4*g. What is the units digit of n?
8
Let i = -6 + 10. Suppose i*l = l + 21. What is the units digit of l?
7
Suppose 0 = -5*y + 4*u + 20 + 60, -y - 2*u = -2. What is the units digit of 10/(-25) + y/5?
2
Let t(n) = n**3 + n - 5*n**3 + 5*n**3 - n**2 - 4*n**3. What is the tens digit of t(-2)?
1
Let f = -108 + 202. Let m = f + -46. What is the tens digit of m?
4
Suppose 0 = -4*p - 5 + 81. What is the units digit of p?
9
Let m = -9 - -15. Let b be 4/m + (-2)/(-6). What is the units digit of ((-9)/(-3))/3 + b?
2
Suppose 2*t - 1 = 3*t. Le